f l?
3
Suppose 4*b = 3*q - 755, 575 = 2*q + 4*b + 105. What is the tens digit of q?
4
Suppose 0*r - r - 11 = 0. Let b = 53 + r. What is the units digit of b?
2
Let j = 15 - 21. Let u = -7 - -5. What is the units digit of j/4*u/3?
1
Let r(d) = d**2 - 5*d + 10. What is the hundreds digit of r(14)?
1
Let l(w) = -7*w + 1. Let c be l(1). Let q be 29/9 + c/27. Suppose -h = 3*y - 10 + 2, 3*h - q*y = 0. What is the units digit of h?
2
Suppose -f - 4 - 7 = -5*g, -2*g - f + 10 = 0. Let p = g - -4. Suppose -m + p = 4*v - v, -5*m = -2*v - 52. What is the tens digit of m?
1
Let f(p) = -p**3 + 10*p**2 - 12*p + 6. Let d be f(8). Let i = d + -19. What is the units digit of i?
9
Suppose 5*j - i = 30, -5 = 4*j + i - 38. Let x(p) = p**2 - 2*p - 7. What is the units digit of x(j)?
8
Let b be -2 - (-3 + 2 + -6). Let p = b - 8. What is the tens digit of p/(-6)*-1*-22?
1
Suppose -445 = 2*t - 7*t. Suppose t = 4*w + 37. What is the tens digit of w?
1
Let m = -15 - -15. Suppose m = 6*z - 95 - 67. What is the units digit of z?
7
Suppose 0 = h + 3*h - 80. Suppose -3*q + 4*n = -2, 3*q - h + 6 = n. What is the units digit of q?
6
Let c(g) = -4*g + 4. Let q be c(5). Let u = -42 - -65. Let m = u + q. What is the units digit of m?
7
Suppose -2*j = -v - 9, 0*j + 4*v = j - 15. Suppose 2*y = 3*y + 2*a - 6, -4*y - j*a + 34 = 0. What is the tens digit of y?
1
Let c = -99 - -165. What is the tens digit of c?
6
What is the units digit of (8/6)/(-4 + 343/84)?
6
Suppose 2*f = -12 - 8. Let g = 22 + f. What is the tens digit of g?
1
Suppose -2*x + 7 = 5*r, -r + 2 = 2*x - 1. Let v = 5 - r. What is the units digit of v/14 - (-75)/7?
1
Let s be -11 + (2 - 3) + 2. What is the tens digit of (-96)/s + 10/25?
1
Let h(c) = 2*c**2 + 9*c + 3. What is the tens digit of h(4)?
7
What is the hundreds digit of (-12)/(-9)*(-1431)/(-6)?
3
Let z = 66 + -7. What is the units digit of z?
9
Suppose -5*h - 4*p + 70 - 22 = 0, -4*p = -h + 24. What is the units digit of h?
2
Let b(m) = -m**2 - 5*m - 3. Let q be b(-9). What is the tens digit of q/(-2)*(-4)/(-6)?
1
Suppose 0 = 5*l + 75 - 265. What is the tens digit of l?
3
Let g(x) = 12*x**2 + 6*x + 1. What is the tens digit of g(-2)?
3
Suppose -27*l + 3 = -26*l. Suppose d - 5*h = 2*d + 25, 2*d - 4*h = 20. Suppose -3*m = -p - d*m + 14, -3 = l*m. What is the tens digit of p?
1
Let g = 114 - 68. What is the units digit of g?
6
Let a be 1/(2*1/2). What is the units digit of -1 + 1 - (a - 2)?
1
Suppose -3*v + 3*j + 5 = -v, 2*j = -2. Let t = 3 - v. Suppose -t*m = -1 - 1. What is the units digit of m?
1
Suppose 3*i + 5 = -3*y - 1, 5*i - 5*y = -10. What is the units digit of 99/15 - i/5?
7
Let x(s) = s**3 + 4*s**2 + s - 4. Let m be x(-3). Let a = m + 1. Let n(b) = 2*b**2 - 2*b - 2. What is the units digit of n(a)?
0
Suppose -11*d + 648 = -7*d. What is the hundreds digit of d?
1
Suppose 17*f - 14*f + 54 = 0. What is the tens digit of 6/f*-87*1?
2
Let p(i) = i**3 - 12*i**2 + 14*i - 16. What is the units digit of p(11)?
7
Let c(u) = 16*u**2. Suppose -3*r - 2 = 1. What is the units digit of c(r)?
6
Let j(o) = 0*o + 8 - 13 + 0*o + 7*o. Let m be j(9). Suppose -2*n - 5 = -5*k + m, -1 = -n. What is the tens digit of k?
1
Let j(m) = -12*m + 1. Let c(t) = 1. Let n(v) = 2*c(v) + j(v). Let f be n(2). Let u = f - -32. What is the tens digit of u?
1
Let p(q) = -q**2 - 10*q + 3. Let v be p(-10). Suppose -v*a + 6*a = 21. What is the units digit of a?
7
Let k(y) = y + 9. Let d be k(-6). Let b(j) = j**3 - j**2 + 2*j - 2. What is the units digit of b(d)?
2
Let u(b) = -b**2 - 17*b - 7. What is the tens digit of u(-14)?
3
Suppose 5*h + 2*r - 34 = 3*r, -15 = -2*h - r. Suppose 3*g + h = 4*g. What is the units digit of ((-6)/21 + 2)*g?
2
Let k be (-3 + 2)/((-2)/(-4)). Let z = k - -4. What is the units digit of z?
2
Suppose -5*u = -8*u + 228. What is the tens digit of u?
7
Suppose 0*h = -h - 1. What is the units digit of h*21/((-9)/3)?
7
Let c be (8/(-10))/((-2)/5). Suppose 4*q - 54 = 58. Suppose -2*a + 5*a = c*l + q, -a + 5 = -5*l. What is the tens digit of a?
1
Let p(s) = s + 7. Suppose 5*b = 21 - 1. Suppose -c + 2*k = -2*k - 12, b*c = -k - 3. What is the units digit of p(c)?
7
Suppose -2*m = -6*m + 364. What is the units digit of m?
1
Let b = -10 - -16. What is the tens digit of 18/(-4)*-1*b?
2
Let i = -14 + 10. Let w = i + 5. What is the units digit of w?
1
Suppose 3*b = 3*y - 5 - 1, 0 = 3*b - 3. Suppose 4*t = 2*h - 18, 2*t - 5*t - 30 = -y*h. Suppose -2*o = 5 - h. What is the units digit of o?
3
Suppose -3*m - 6 = -3*q, -7*m = -q - 2*m + 10. Suppose -6*j + 4*j + 2 = q. Suppose 3*k - 49 + j = 0. What is the units digit of k?
6
Let h(t) = 11*t**3 + 6*t**2 - 8*t + 2. What is the units digit of h(2)?
8
Suppose 5*t - 4*h + 24 - 61 = 0, -t + 4*h = -17. What is the units digit of t?
5
Suppose -4 + 0 = -2*c + l, -3*c - 4*l + 28 = 0. Suppose p + p - 7 = -v, -4 = c*v. What is the units digit of p?
4
Let i(s) = -2*s**2 + 9*s + 1. Let n(c) = -c**2 + c. Let u(h) = i(h) - n(h). What is the units digit of u(7)?
8
Suppose -a - 26 = -3*a. Let s = a - 1. What is the units digit of s?
2
What is the units digit of (-3 - 2)*(-1 + 0)?
5
Let c(r) = 2*r + 1. Let o = 0 - -1. What is the units digit of c(o)?
3
Let n = 7 + 1. What is the units digit of n?
8
Suppose -4*v + 5*s + 11 = -v, 2*s + 2 = 0. Let o(r) = 5*r + 7. Let l be o(6). Suppose 4*u + 5*n = 61, -3*u + 0*u + l = v*n. What is the units digit of u?
9
Let g = -12 + 16. Suppose 2*f - g*f + 70 = 0. What is the units digit of f?
5
Let g be (1*-2 - -1) + 3. Let a = g + 2. Suppose 3*s = 4*s - a. What is the units digit of s?
4
Suppose r - u - 41 = 152, 3*u = -r + 201. What is the hundreds digit of r?
1
Let q(j) = -j - 3. Let s be q(-6). What is the units digit of (-23 + s)/(4/(-2))?
0
Let j = -69 + 45. Let t be j/9*-1*3. Suppose 0 = v - 0 - t. What is the units digit of v?
8
Let j(c) be the second derivative of -c**4/12 + 2*c**3/3 + 2*c**2 - 2*c. Let x be j(5). What is the units digit of -3*x/(6/8)?
4
Let u = -22 + 36. What is the units digit of u?
4
Let x(l) = 4*l + 1 - 8*l + 7*l + 6*l. What is the units digit of x(1)?
0
What is the tens digit of 0/(-2) - (-220 - -40)?
8
Let p(z) = -36*z**3 - 1. What is the units digit of p(-1)?
5
Suppose -4*l = -6*l - 16. What is the tens digit of 30/((-4)/(l/4))?
1
Let m(c) = -c - 2. Let q be m(-5). Suppose -97 = -2*n + q*h - 0*h, -3*h - 141 = -3*n. What is the units digit of n?
4
Let j(q) = 26*q - 3. What is the tens digit of j(2)?
4
Let h(s) = s + 10. What is the units digit of h(5)?
5
Suppose f - 44 = -f. What is the units digit of f?
2
Let o be ((-12)/10)/(6/(-20)). Let m = o - 2. Let w = m - 0. What is the units digit of w?
2
Suppose 176 = 3*u + 5*y, -2*u + 2*y = 2*u - 200. What is the units digit of u?
2
Let j(u) be the third derivative of -u**6/120 - u**5/5 - u**4/2 + 5*u**3/6 + 7*u**2. What is the units digit of j(-11)?
6
Let w = 14 - 11. What is the units digit of w?
3
Suppose 3*l + 3*z = 159 - 54, -5*l = -4*z - 220. What is the tens digit of l?
4
Let f be 41 + (-1 - -2)/1. What is the units digit of (-6)/24 + f/8?
5
Let v be (-2)/(-13) + (-56)/26. Let u(g) = -12*g - 5. What is the units digit of u(v)?
9
Suppose -43 = 23*a - 24*a. What is the tens digit of a?
4
Let k = -12 + 8. Let u be -2 + 3/((-6)/k). Suppose -m + u*m = -5*h - 17, 5*h = 5*m - 45. What is the units digit of m?
7
Suppose -4*p + 5 = -79. Suppose -3*m - 2*m - 5*g + 60 = 0, 2*m - p = -g. What is the units digit of m?
9
Let z(l) be the third derivative of -31*l**4/24 + l**3/6 + 2*l**2. Let x be z(1). What is the units digit of (4 - 5)/(2/x)?
5
Let b = -4 + 58. What is the tens digit of b?
5
Let t(h) = -1 + 5 - 1 + h**2 - 6*h. Let y be t(6). Suppose 2*x + 3*x - 52 = -y*q, -2*q = -8. What is the units digit of x?
8
Let k = 194 - 99. What is the tens digit of (-1 - k)/(-4) - -1?
2
Suppose 15 = -3*s - 0*s. Let f be 4/1 - (-10)/s. Suppose 0 = -4*o + 4, -f*d - 2*o + 11 = 3*o. What is the units digit of d?
3
Let f = 76 - 24. Suppose -5*q = -f + 12. What is the units digit of q?
8
Let i(c) = -c**2 + 9*c - 6. Let s be (-27)/6*4/6. Let g = s - -9. What is the units digit of i(g)?
2
Let z = 146 + -91. Let t = z - 34. What is the tens digit of t?
2
Let k = -77 - -131. What is the units digit of k?
4
Let d(r) = 2*r**2 - r**2 + 1 + r + 1 - 4. Let y be d(-4). Let l